What is the value of 22 + -18 + (-4 - (0 - 0))?
0
(-1 - -8) + (40 + -21 - 22)
4
What is the value of (-2 - (-1 + 4 - 4)) + -1?
-2
What is 0 - -3 - (-10 - (3 + -19))?
-3
What is 4 - (4 + -6 + 5)?
1
27 + -26 - (1 + -3)
3
What is the value of 10 + -4 - (-4 + 13)?
-3
Calculate 1 + -2 - 2 - (3 - 2).
-4
What is -14 + 22 - (-2 + 4)?
6
3 + (5 + -9 - -4)
3
What is the value of 23 + -25 + 1 + -2?
-3
Evaluate 5 + -19 + 11 - -12.
9
Evaluate (4 - (-7 - 0) - 7) + -8.
-4
Calculate 14 - 7 - 13 - -3 - 1.
-4
(2 - -1) + -5 - (-1 + 4)
-5
What is -13 + (3 - -6) - -10?
6
-14 - 4 - (-25 + 14)
-7
What is -1 - 1 - ((1 - 10) + 12)?
-5
(7 + -2 - 2) + -7 - -7
3
Calculate 2 - (2 + 14 + -6 + -4).
-4
(6 - (0 - -5 - 3)) + -4
0
21 - 17 - (6 + 2 + -1)
-3
14 + -18 - (-4 - 1)
1
1 + (6 - 8) - 0
-1
What is (41 - 61) + (-1 - -12)?
-9
What is the value of -168 + 151 - (-8 - 1)?
-8
What is 0 + (-1 - (0 + -4))?
3
What is -3 + (3 - -2) - -3?
5
What is the value of 0 + -4 + 3 + 0?
-1
What is -4 - (-7 + -2 + 6) - -5?
4
9 - (13 + -5 - 4)
5
Evaluate (-11 - -7) + 4 - 1 - -6.
5
Evaluate (-5 + 1 - -8) + -8.
-4
Evaluate 2 + -1 + 0 + (-6 - -1).
-4
What is -5 + 6 - (-1 + 1 - -4)?
-3
What is -9 + (-5 - (4 - 16))?
-2
Calculate (-11 - -9) + -4 + 3.
-3
Calculate (4 - 6 - -5) + -3.
0
What is (4 - 2 - (5 + -9)) + -9?
-3
-7 + 7 - ((0 - 1) + 0)
1
Calculate 3 - 6 - (8 - 8).
-3
Evaluate (1 - 1) + (-4 - -7).
3
What is the value of 2 + 1 - (16 - 12)?
-1
Evaluate -4 - 2 - (5 - 3 - -1).
-9
0 + -5 + 3 + 5
3
What is the value of 13 + (-19 - (1 - 5))?
-2
What is the value of 53 + -58 + 6 + -1?
0
Evaluate 8 + (2 + -4 - 1).
5
What is 8 - (-2 + 6 + (-4 - -5))?
3
11 + 7 + (-21 - -5)
2
What is the value of -3 + ((3 - 1) + -2 - -5)?
2
What is the value of -3 + 11 + -6 + -4?
-2
What is (12 + -2 - (-15 + 14)) + -6?
5
Calculate (5 - -1) + 0 + (-48 - -37).
-5
Calculate (6 - (2 + 4)) + (-3 - -1).
-2
Evaluate 6 - (-2 + 7 + -2).
3
What is 0 + -15 + 0 + 23?
8
What is -6 - 4 - -7 - -3?
0
What is the value of -1 + -10 - -18 - (0 + -2)?
9
Calculate -3 + 16 - (14 - 5).
4
Evaluate (5 - (2 - 1)) + -8 - -2.
-2
(2 - -4 - 2) + 0
4
Calculate 1 + 3 + (2 - -2 - 11).
-3
-2 + 5 + -9 - -9
3
-2 + 2 + 3 + (4 - 7)
0
Evaluate -13 - ((-2 - -13) + -15).
-9
(-11 - -2 - -5) + 5
1
(0 - (2 - -1)) + 1
-2
What is -81 + 76 - (-1 - 3)?
-1
Calculate -7 + -2 + -1 + 47 + -43.
-6
What is -2 - (-7 + 6 + 4 + 0)?
-5
1 + -4 + (8 - 7 - 0)
-2
What is the value of -4 - (-18 - -23 - (2 - -2))?
-5
Evaluate 6 - (-49 - -54 - (2 + 1)).
4
What is 2 - -1 - (-6 + (14 - 6))?
1
Calculate (3 - 5) + (-5 - -7).
0
What is -10 + 7 + -4 - -2?
-5
-4 + 7 + 5 + -4
4
What is the value of 1 - (0 - -4) - -4?
1
What is -3 - -2 - (2 + 0 + -3)?
0
-9 + 1 + 8 - (-6 + 0)
6
-1 - -3 - (-26 - -28) - -1
1
4 - (5 + -7) - -2
8
What is 11 - (-2 + -5 - -11)?
7
Evaluate (2 - (0 + -5)) + (2 - 3).
6
What is -4 + -2 + -9 + 18 + 2?
5
Calculate 0 + (0 - 1 - (3 + 1)).
-5
Evaluate -13 - (7 + -15 - 15).
10
What is the value of 3 - (-1 - -3) - (-3 + 2)?
2
What is -1 + (6 - 4) + -4?
-3
Calculate -1 + -6 + 14 + -2.
5
23 - 24 - (0 - 1) - 3
-3
(-6 - (4 + -9)) + -3
-4
What is (-1 - 3) + -78 + 83 - -5?
6
-14 + (13 - (4 - -1))
-6
What is the value of 0 - (-10 + 7 + 2)?
1
Calculate (5 - 4) + 2 + -2 + 2.
3
Evaluate -13 - (3 + -11) - 2.
-7
What is the value of 11 + (7 - (-4 - -15)) - 5?
2
Evaluate -4 + 7 - 5 - (-2 + -7).
7
1 + (0 - 3) - -1 - -1
0
What is the value of 0 - 8 - (-104 + 92)?
4
Calculate -3 - (0 + 0 + -4 - -1).
0
Calculate -3 + 0 + (6 - (5 - 0)).
-2
Calculate 2 - (7 + -4 + 1).
-2
Evaluate 1 + -3 + -7 + 13.
4
What is -1 + -3 + 4 - 0?
0
What is (6 - 12) + (-4 - -7)?
-3
What is 0 + 5 + -11 + 7?
1
What is the value of (-2 - 3) + -5 + 8?
-2
What is 0 - 1 - (4 + -1 - 8)?
4
Calculate (-6 - 0) + 2 - (1 + -3).
-2
3 + -10 + 4 - -3
0
Calculate 0 + (1 + -1 - 3 - -4).
1
-207 + 210 - (-1 - (-2 - 1))
1
Calculate 6 - ((-3 - -9) + -3).
3
9 - (5 + (3 - 3))
4
-1 - (-7 - (-6 + 1)) - -2
3
What is the value of 2 + (-3 + 7 - (1 + 1))?
4
What is (-8 - -9) + -6 + 7?
2
Calculate (2 - 7) + -2 + -21 + 25.
-3
What is -3 + 1 + (-4 - -2)?
-4
What is the value of -2 - (-4 + 4 + -1)?
-1
What is 1 + -1 - (-3 - 0)?
3
Evaluate 4 + -5 + 2 + -7 + 1.
-5
What is the value of -10 + 7 + (1 - 1 - 1)?
-4
What is the value of (-1 - 5) + -104 + 115?
5
What is the value of 1 + -4 + -4 - -2?
-5
What is the value of 13 - ((7 - -1) + -12 - -12)?
5
What is 28 - 20 - (3 + (0 - 1))?
6
What is -1 - (2 + -4) - 6?
-5
Evaluate (-1 - (2 - 1)) + 2.
0
23 - 23 - (-2 + -1)
3
What is -19 - (-24 + 11 + 1)?
-7
(-116 - -106) + 1 + 13
4
What is the value of 3 - ((-7 - -15) + -3)?
-2
Calculate (-14 - 6 - -10) + 3 + 0.
-7
What is the value of (-15 + 4 - -4) + -6 + 7?
-6
What is the value of -1 + 5 + 0 - 5?
-1
Evaluate -4 + 4 - (-4 + 3 - -2).
-1
13 + -5 + (-3 - 1)
4
What is the value of 5 + (-4 - -7) + -4?
4
What is the value of -14 + -11 + -4 + 12 + 7?
-10
What is the value of 9 - (-5 + 7 - -3)?
4
(1 - -1) + 1 - (40 - 41)
4
Evaluate (-2 - -1) + 10 + -5.
4
-10 + 2 + -2 - (-113 + 107)
-4
Calculate -11 + 19 + -19 - (-4 + -1).
-6
-3 + (3 - -3) + 0 + -8
-5
Calculate -1 + 2 - (8 - (5 + 7)).
5
Evaluate (-23 - -29) + (1 - 1).
6
Evaluate -2 + 3 - (-4 + 3).
2
Evaluate 2 + 5 + (-30 - -28).
5
2 + (1 + -1 - (-50 - -54))
-2
What is 6 + (-2 + -8 - -7)?
3
What is 2 + (-2 - (6 + -4)) + -4?
-6
What is 3 + (1 - 6) + 8 - -1?
7
4 + -1 + 4 + -9
-2
What is the value of 9 + -14 + (9 - (3 - 0))?
1
2 + -1 + 3 + -1
3
-5 + 1 + 4 + 1
1
-7 - (2 + -13 - -12)
-8
4 + (3 + -3 - (5 - 6))
5
Evaluate (-8 - 4) + (5 - -3).
-4
-1 - (3 + (4 + -3 - 1))
-4
What is 13 - ((-3 - -20) + -10)?
6
Calculate (-3 - -3) + -1 + 4.
3
What is 4 - (4 - (3 - -1))?
4
What is 5 + -10 + 9 - 11?
-7
What is -5 - (1 + (-3 - 0 - -2))?
-5
Calculate 0 - 2 - (-3 + 5).
-4
What is the value of 2 + -7 + 13 + -4?
4
What is the value of 2 + 1 - (16 - 9)?
-4
Calculate (5 + 6 - 5) + -5.
1
1 + (8 - 6) + 1 + 0
4
What is -7 - (6 + 1 + -22)?
8
Calculate 12 + -15 + 20 + -13.
4
Calculate (8 - 6) + 3 + -2.
3
Calculate -8 + 3 + 1 + -2 + 2.
-4
What is (0 + 4 - 6) + (-1 - -3)?
0
What is -4 - (-9 + 2) - (1 + 1)?
1
2 + 1 + -1 + -4
-2
Evaluate -8 + 4 - -7 - 12 - -20.
11
Calculate (1 - 2) + (-10 - -13).
2
Evaluate (2 - 6) + (-1 - 3 - -5).
-3
What is 0 + 0 + 3 + -6 - 0?
-3
Evaluate 1 + -6 + 6 + 2.
3
What is -4 + 7 + 5 + -8?
0
Evaluate 12 + (-8 - -4) - 3.
5
What is the value of 3 + (-3 - 1 - -2)?
1
-37 + 39 - (-1 + 5)
-2
-8 + 0 - (-5 - (6 - 5))
-2
Calculate -2 + -1 + -11 + 9.
-5
What is (2 - -1) + -4 + -1?
-2
(2 - 4) + 0 + 6 + -1
3
Evaluate (1 - 0) + (-167 - -170).
4
What is the value of (-3 - 1) + (0 - -2) + 2?
0
Calculate 7 - (1 + 1 + 9).
-4
Evaluate 5 - 8 - (-2 + -3) - 1.
1
2 + -4 + -4 - (-30 + 23)
1
What is 3 + 0 - -3 - 2?
4
-2 - (-3 - 0 - (9 + -6))
4
Evaluate 7 - (11 + (0 - 5)).
1
What is (1 - 12 - -3) + 0?
-8
What is 32 + -37 + (0 - -3)?
-2
Evaluate 3 + 11 + 1 + -8.
7
Evaluate 8 + 6 + -7 + -13.
-6
What is the value of (3 - 6) + 4 + 4?
5
What is -5 + (8 - 5) - 0?
-2
What is -1 - (-4 - -4) - (0 + 2)?
-3
Evaluate -6 + (5 - 0) + (-3 - -3).
-1
What is 9 + -6 + 5 + -9?
-1
Evaluate (3 - (1 - 2)) + 1 + -5.
0
Evaluate 0 + (6 - (4 + -3) - 8).
-3
-4 - ((2 - 7) + -1)
2
2 + -1 - (23 + -20)
-2
Evaluate -4 - (-2 - (-2 + (5 - 7))).
-6
Calculate (1 - 2) + (-2 + 0 - 5).
-8
(4 - (0 - 1)) + -4
1
What is (-16 + 8 - (6 + -9)) + 14?
9
Calculate (1 - 8) + 2 + 4.
-1
What is -20 - (-8 - 2) - (-6 - 0)?
-4
What is the value of 31 + (-31 - -15) - (6 - -1)?
8
Calculate -8 - -7 - (-2 + 0 + -1).
2
-6 - ((6 - 2) + -2) - -6
-2
Calculate -26 + 31 + 0 + -10.
-5
Calculate (0 - 1 - -4 - 5) + -1.
-3
What is the value of 0 - (17 - 0 - 10)?
-7
Evaluate (4 - (8 - -1)) + 6 - -1.
2
Calculate 12 + 2 - (-4 + 5 + 6).
7
Calculate 1 + 2 + -2 + 3.
4
(31 + -24 - (-1 - -11)) + 0
-3
What is -5 - -14 - (3 + 0 - -2)?
4
-11 + 12 + (1 - 1) + 0
1
3 - 2 - (-14 + -4 + 14)
5
What is (-3 - -4) + -3 + 6?
4
What is the value of 3 + -3 + (-2 - -4)?
2
Evaluate -6 - (0 - (3 - 2)).
-5
Evaluate -5 - -5 - (-3 + (-1 - 2)).
6
-5 + 1 - (3 + -6)
-1
What is -6 + (-4 - (0 + -3) - -13)?
6
What is the value of 11 + -9 + 9 + -15?
-4
Calculate -6 + 4 - (3 + -7).
2
What is the value of 5 + -3 + -6 + 5 + -1?
0
What is the value of -3 - (4 - (0 - -1))?
-6
Evaluate 0 - (0 + -5 + -4).
9
What is (-15 - -12) + 3 + 0 + -1?
-1
Calculate (3 -